ivided by c.
5
Let n(g) = 6*g + 11. What is the remainder when n(4) is divided by 12?
11
Suppose 2*d + 6 = 0, 2*k - 163 = -2*k + 5*d. What is the remainder when 143 is divided by k?
32
Let t = 5 - -1. Let p = 19 + -2. Calculate the remainder when p is divided by t.
5
Suppose 0 = 4*h - 84 + 28. Calculate the remainder when 1148/21 + (-4)/6 is divided by h.
12
Let d(z) = z**2 + 5*z. Let f = -9 - -4. Let r be d(f). Suppose 4*a = 3*k - 39, 57 = 3*k - r*a + 2*a. Calculate the remainder when k is divided by 6.
5
Suppose -3*b = 2*n + 3*n + 1, b + 3*n + 3 = 0. Suppose -4*w = 66 - 70. Calculate the remainder when w is divided by 1/b + (-4)/(-6).
0
Let g = -5 - -8. What is the remainder when g is divided by 3?
0
Let g(s) = -s**3 + 5*s**2 + 3*s. Let c(x) = -3*x**3 + 16*x**2 + 10*x - 1. Let w(q) = -2*c(q) + 7*g(q). Calculate the remainder when 18 is divided by w(3).
3
Let q = -2 - -3. Let n be (1 - 2)/q*-3. What is the remainder when 23 is divided by 6 + (0/n - -2)?
7
Let w(d) = 2*d + 1. Suppose 3*c + c = 28. Let h = 84 + -55. What is the remainder when h is divided by w(c)?
14
Suppose 0*q - 6 = -2*q. Let d = 9 + q. Calculate the remainder when 4 is divided by d/4*(1 - 0).
1
Let h(a) = -5*a - 1. Let r be h(11). What is the remainder when 39 is divided by 7/2*(-160)/r?
9
What is the remainder when (-5*1)/(1/((-45)/5)) is divided by 13?
6
Suppose 5*h + 4*y = 110, 45 + 55 = 5*h + 2*y. What is the remainder when 33 is divided by h?
15
Let g be (-2 + 8/6)*6. Let x = g + 9. Suppose u - x*u + 32 = 0. Calculate the remainder when 15 is divided by u.
7
Suppose -2*l = -0 - 6. Calculate the remainder when 90 is divided by -4 + 2 - (-22 - l).
21
Let v = 3 + -4. Suppose -m = -5*m + 24. Calculate the remainder when (v - (-2 - -18))*-1 is divided by m.
5
Let g = -7 + 14. Suppose -29 = -4*q + g. What is the remainder when q is divided by 3?
0
Let j(y) = -y**2 - 5*y + 6. Let k be j(-6). Let q = k - -3. Calculate the remainder when q is divided by (-1)/(-4) + (-7)/(-4).
1
Let h = -34 - -69. What is the remainder when h is divided by 9?
8
Suppose -o = o - 10. Suppose 0 = o*n - 18 - 2. What is the remainder when 2 is divided by (-6)/n*6/(-9)?
0
Let s(y) = y**2 + 6*y - 6. Let a be s(-6). Calculate the remainder when (-2)/a + (-8)/(-3) is divided by 2.
1
Let x(g) = -37*g**3 - 3*g**2 + g + 1. Let w(k) = -k**2 + k. Let t(n) = 2*w(n) - x(n). Let q = -9 + 10. Calculate the remainder when t(q) is divided by 20.
18
Calculate the remainder when ((-143)/(-44))/((-1)/(-52)) is divided by 34.
33
Let b(t) = 4*t - 27. What is the remainder when 67 is divided by b(11)?
16
Let o(z) = z**2 - 4*z + 7. What is the remainder when (-2)/(1 + 1) + 35 is divided by o(5)?
10
Let u = -4 + 9. Suppose -n + s = -6 - 67, -u*s = 4*n - 292. Calculate the remainder when n is divided by 25.
23
Let t(m) = -m**2 + 14*m + 12. Let u be (162/(-45))/((-2)/5). What is the remainder when t(u) is divided by 20?
17
Suppose 5*s - 350 = -5*x, -2*s + 0*x = x - 141. Let c = 4 + 0. Suppose 0 = -3*o + 3*v + 63, -3*v + c = 13. Calculate the remainder when s is divided by o.
17
Let y(x) = 1. Let m(i) = -i**2 + i - 22. Let z(b) = -m(b) + 5*y(b). Let v(d) = -5*d - 6. What is the remainder when z(0) is divided by v(-4)?
13
Let g(b) = b + 1. Let l be g(3). Let x = 0 + l. Suppose w + 13 - 175 = -x*u, 2*u + 3*w - 86 = 0. What is the remainder when u is divided by 14?
12
Let l be (-33)/(-22)*28/6. Suppose l*t - 9*t + 40 = 0. What is the remainder when t is divided by 7?
6
Let t(p) = -33*p + 10. Let o = -38 - -66. Calculate the remainder when t(-3) is divided by o.
25
Suppose 2*h = -0*h + 12. Let x(z) = -5*z + 4. Calculate the remainder when h is divided by x(0).
2
Let p = 6 + -17. Let m(f) = -5*f - 5. Calculate the remainder when m(p) is divided by 13.
11
Suppose 8*c - 3*c = 4*f + 10, -2*c + 5*f - 13 = 0. Suppose 4*g = 7*g - 12. Calculate the remainder when c is divided by g.
2
Let m(t) = 3*t - 5. Suppose 0 = 2*c + 4, 3*r + 26 = -0*r + 2*c. What is the remainder when r/(-4)*(-156)/(-10) is divided by m(5)?
9
Let g(k) = k**2 + k - 3. Suppose -4*y = -0*y + 12. Let b be g(y). Calculate the remainder when 1 is divided by b/(-6) - 3/(-2).
0
Let k(r) = r + 11. Let v be k(-9). Suppose 0 = -v*m - 1 + 3. What is the remainder when m is divided by 1?
0
Suppose 4*b - 127 = -3*c, 4*b = b + 4*c + 64. What is the remainder when 53 is divided by b?
25
Let p = 3 + -7. Let a(f) = 3*f + 7. Calculate the remainder when a(5) is divided by 12/(2 - (-2)/p).
6
Let q(m) = m**3 + 7*m**2 - 2*m + 2. Let x be q(-6). Suppose x = -w + 3*w. Let l = -1 + 10. What is the remainder when w is divided by l?
7
Let v = -7 + 9. Suppose 4*j - 22 = -2*p + v*j, -3*j = 9. Let z = 9 - 4. Calculate the remainder when p is divided by z.
4
Suppose 4 = 2*d, -z = z - 5*d + 14. What is the remainder when 41 is divided by ((-8)/(-12))/z*-33?
8
Let x = -3 + 8. Suppose q = l - 2*q + 1, -4 = 4*l + x*q. What is the remainder when 50 is divided by l - (-18 + 0)*1?
16
Suppose 40 = f - 9. Calculate the remainder when f is divided by 23.
3
Suppose -2*s = -7*s + 35. Let k = -10 + s. Let o = k - -5. What is the remainder when 2 is divided by o?
0
Let s(n) = -n**2 + 7*n + 8. Let w be s(8). Let h(l) = -l**2 + l + 45. What is the remainder when h(w) is divided by 16?
13
Let w(z) = z + 1. Let f be w(5). Suppose 2 + 46 = f*m. Calculate the remainder when 1/((-2)/(-46) - 0) is divided by m.
7
Let m(l) = -2*l**2 + 2*l - 6. Let w(k) = -2*k**2 + 2*k - 6. Let b(o) = -4*m(o) + 3*w(o). Calculate the remainder when b(5) is divided by 16.
14
Let w(h) = -h**2 - 5 + 62 + 11. Let c be w(0). Suppose c = 5*i - i. Calculate the remainder when 49 is divided by i.
15
Calculate the remainder when 13 is divided by 5/((2/(-3))/((-8)/12)).
3
Suppose -13 = -2*b + 5. Suppose -2*y + 34 + 16 = 0. What is the remainder when y is divided by b?
7
Suppose 10 = 4*j - 2*j. Let m = 3 + j. Let f = 2 + 12. What is the remainder when f is divided by m?
6
Let p = -1 - -5. Suppose -p*t = -t + 2*j - 89, -4*j + 116 = 4*t. What is the remainder when t is divided by 16?
15
Suppose 0*j + 4*k = -j + 3, 0 = -k - 3. Let b(x) = -8 + 2*x - 3*x + 7*x**2 - x**3 + 0*x - 3*x. What is the remainder when j is divided by b(6)?
3
Suppose 2*l - 37 = 83. Let z = l - 43. Calculate the remainder when 50 is divided by z.
16
Suppose h - 45 = -w, 4*w = -h + 52 + 116. Calculate the remainder when w is divided by 22.
19
Calculate the remainder when 10 is divided by (-2)/3*(-399)/38.
3
Suppose 14 = -i + 48. Let a = i - 23. What is the remainder when 21 is divided by a?
10
What is the remainder when (9/(-27))/(1/(-39)) is divided by 4?
1
Calculate the remainder when 45 + (-1 + 5)/(-2) is divided by 11.
10
Let d be (-42)/(-4)*4/6. Let i = d - 1. What is the remainder when 16 is divided by i?
4
Let h = -378 + 635. Calculate the remainder when h is divided by 10.
7
Suppose 1 = -a + 4*x, -a + 0*a + 2*x + 1 = 0. Suppose 4*w + 2*k = 104, -w = -a*k - 57 + 17. Calculate the remainder when 109 is divided by w.
25
Suppose 4*n - 2*g = 10, 0*g = 5*n + 4*g - 45. Suppose 0 = z - s - 21, 5*s - 44 = -n*z + 31. What is the remainder when 35 is divided by z?
17
Suppose 9 + 35 = 2*k. What is the remainder when 40 is divided by 3 + k/(3 + -1)?
12
Let p = 271 + -100. Let j = -112 + p. Calculate the remainder when j is divided by 20.
19
Let s(n) = n**3 - n**2 - n - 1. Let o(w) = -w**3 - 4*w**2 + 5*w + 2. Let l(f) = o(f) + 2*s(f). What is the remainder when l(6) is divided by 7?
4
Let v(t) = t - 3. Calculate the remainder when 10 is divided by v(9).
4
Calculate the remainder when 38/(21/(-9) - -3) is divided by 15.
12
Suppose -7*r + 8*r = 40. Calculate the remainder when 119 is divided by r.
39
Let h = -6 - -8. What is the remainder when (-6)/15*-15 + -1 is divided by h?
1
Let d(m) = 1 - 9 + 3*m + 0*m + m**2. What is the remainder when d(6) is divided by 24?
22
Suppose -7*u - 120 = -12*u. Calculate the remainder when 93 is divided by u.
21
Suppose 105 = -0*b + 3*b. What is the remainder when 139 is divided by b?
34
Let h = -91 + 133. Let g(v) = v - 44. Let u(i) = -11. Let c(n) = 2*g(n) - 9*u(n). Calculate the remainder when h is divided by c(0).
9
What is the remainder when 1 - 14/(0 + -1) is divided by 4?
3
Let f(s) = -s**2 - 3*s + 3. Let z be f(-4). Calculate the remainder when